etermine h(-6).
-5
Let q(w) be the third derivative of -w**6/120 + w**5/20 + w**4/6 + 5*w**3/6 - w**2. Let j = 35 + -31. Determine q(j).
5
Let f(v) be the third derivative of -v**4/12 + 2*v**3/3 + 11*v**2. Determine f(5).
-6
Let g(w) be the third derivative of -1/60*w**5 + 1/3*w**3 + 6*w**2 + 0*w - 1/6*w**4 + 0. Let b = -10 - -5. What is g(b)?
-3
Let g(c) = c. Let j be g(0). Suppose -a - 10 = -3*n + 3*a, 5*n + 5*a - 40 = j. Let b(i) = -i**3 + 3*i**2 - 3*i**3 + 5*i**3 - 5*i - n. Calculate b(-4).
-2
Suppose -2*s - 4 = -4*s. Let x(a) = -1 + 0 - 4 - s*a. Give x(-5).
5
Suppose n = -5*a + 7*a + 10, 0 = 3*a + 3*n - 3. Let l(u) = u + 1. Let o(v) = -8*v - 4. Let f(q) = a*l(q) - o(q). Give f(-2).
-9
Let b = 11 + -16. Let l(v) = v + 1. Let i be l(b). Let c(f) = 7*f**2 - f - 2. Let s(o) = o**2 - o - 1. Let z(x) = c(x) - 6*s(x). What is z(i)?
0
Let w be 126/60 + (2 - 8/5). Let t(n) be the first derivative of -4*n - w*n**2 + 3 - 1/4*n**4 - 4/3*n**3. Determine t(-3).
2
Let r be 1/(-3)*(6 - 3). Let x = 0 - r. Let h(u) = 3*u - 1. What is h(x)?
2
Let j be 24/56 - 18/(-7). Let u(g) = -2*g**2 + 5*g + 5. Let y(t) = t**2 - 3*t - 2. Let s(x) = -2*u(x) - 5*y(x). Determine s(j).
6
Let m(p) = 2*p**3 + 6*p**2 - 5*p + 3. Let u(k) = -3*k**3 - 7*k**2 + 6*k - 3. Let y(r) = 4*m(r) + 3*u(r). Give y(2).
3
Let x(t) = t**3 + 4*t**2 - 9*t - 16. Let d be x(-5). Let j(y) be the third derivative of -1/30*y**5 + 1/12*y**4 + 1/6*y**3 + 0*y + d*y**2 + 0. Give j(-1).
-3
Let j(w) be the third derivative of -w**4/12 - 5*w**3/6 + 3*w**2. Let g(q) = q + 6. Let p(n) = 3*g(n) + 2*j(n). What is p(0)?
8
Let x = 185 - 190. Let r(q) = -q**2 - 5*q + 6. Calculate r(x).
6
Let z(l) = -4*l**3 - 7*l + 5*l**3 + 4*l**2 - 3 - 2*l**3 + 4*l. Give z(3).
-3
Let w(s) be the second derivative of s**3/6 + 7*s**2/2 - 3*s. Determine w(-7).
0
Let w = 1 + 2. Let g(b) = 8*b + 2 + w - 6. Calculate g(1).
7
Let d = 46 + -49. Let r(v) = -2*v**2 - 3*v - 4. Determine r(d).
-13
Suppose 0*y = -3*y - w - 2, 4*w + 23 = 3*y. Let f(i) = -i - 1. Let u(t) = t**2 - 5*t + 2. Let b(n) = y*u(n) - f(n). Give b(2).
-1
Let c = -2 + 4. Let m(o) = 0*o**2 + 41*o - 40*o - 4*o**2. Calculate m(c).
-14
Let a(k) = 6*k - 2 + 4 - 2*k + 2*k**2. Give a(-2).
2
Suppose -2*m - 25 = 3*m. Let b(t) be the second derivative of t**4/12 + 5*t**3/6 + t**2 - 4*t. Give b(m).
2
Let h = -71 + 77. Let z(j) = j**2 - 5*j - 4. Calculate z(h).
2
Suppose 5*c + 35 = -2*c. Let t(a) = 3*a + 6. Give t(c).
-9
Let l(i) = i + 7. Let v = -11 + 6. Calculate l(v).
2
Let v = -1 - -2. Let c(h) = h - 1. Let k(m) = 3*m - 1. Let z(g) = v*k(g) - 4*c(g). Calculate z(6).
-3
Let h be 5/(15/12) - 3. Suppose 4*j - h = 19. Let f(w) = w + 1. What is f(j)?
6
Let h(u) = -u - 3. Suppose -3*n + 17 = -1. Suppose i - n = -i. Let z = i + -6. What is h(z)?
0
Let d(y) = -y**2 + 7*y - 6. Let c be d(6). Suppose -4*j + 3*i - 18 = 0, 3*j - 5*i - 1 + 9 = c. Let r(a) = -a**2 - 6*a + 2. What is r(j)?
2
Let z(h) = h + 13. Suppose -25 = -k - 5*m, 2*m = 2*k + m + 5. Suppose 2*t + 23 = -3*d, -2*t - 2*d + 0 - 20 = k. Give z(t).
6
Let t(i) = -2*i. Let d(h) = -h**2 + h + 6. Let w be d(0). Suppose n = 4*n - w. Suppose n*v + 13 - 3 = 0. Determine t(v).
10
Let m(d) be the second derivative of d**3/2 - 3*d**2/2 - 8*d. What is m(2)?
3
Let a be (12/10)/((-1)/(-5)). Suppose -a - 4 = 5*c. Let s(n) = -2*n + 1. What is s(c)?
5
Let l(a) = -a**2 - 2*a + 3. Let x(u) = -u**2 - u + 2. Let v(c) = -3*l(c) + 2*x(c). Calculate v(-6).
7
Let f(y) be the third derivative of -y**5/40 - y**4/24 - y**3/2 + 7*y**2. Let n(s) be the first derivative of f(s). Calculate n(-1).
2
Let v = -2 + 6. Let l(h) = -3*h + 9. Let t(r) = 1. Let n(f) = l(f) - 3*t(f). Give n(v).
-6
Suppose -7*o = -o - 6. Let t(i) be the third derivative of 0*i + 0*i**3 + i**2 + 0 + 3/8*i**4. Give t(o).
9
Let x = -6 + 2. Suppose 4*f - 4 = 4. Let h(s) = 1 + 3*s**3 - 5*s**2 - 4*s**3 - f*s - 2. Determine h(x).
-9
Let d(t) be the first derivative of -t**3/3 - 5*t**2/2 + 6*t - 9. Calculate d(-6).
0
Suppose 16 = -5*q + q. Let h(i) be the third derivative of -i**6/120 - i**5/20 + i**4/8 + i**3/6 - i**2. What is h(q)?
5
Let m(o) = -o**2 - 4*o + 3. Let c(g) = g - 1. Let y(p) = -4*c(p) - m(p). What is y(-3)?
10
Let n be (1 + 1)/(-2) - -9. Suppose s + 3*s = n. Let g(b) = 4*b**2 + 3*b - 6*b**s - 1 + b**2. Calculate g(4).
-5
Suppose -5*r + 5 = -3*x - 0*r, -5*x - 5 = -5*r. Suppose d + 4 = -3*d - 4*b, -5*d - 2*b + 7 = x. Let g(f) = -4*f + 2 - f**2 + d*f + 2*f + f**3. Give g(0).
2
Suppose 4*k + 1 = -15. Let u(l) = -2*l - 5. What is u(k)?
3
Let q(u) be the first derivative of -3/2*u**2 + 0*u - 8 - 1/3*u**3. Calculate q(-4).
-4
Let i(u) = -2*u + 1. Let y(t) = t. Let a(f) = i(f) - 3*y(f). Calculate a(-2).
11
Let q(b) be the first derivative of b**4/4 - 7*b**3/3 + 7*b**2/2 - 6*b + 5. Calculate q(6).
0
Let k = -28 + 28. Let z(u) = u**2 - 7. What is z(k)?
-7
Let x(n) be the third derivative of n**6/40 + n**3/6 - n**2. Let r(c) = -4*c - 19. Let m be r(-5). What is x(m)?
4
Suppose 0*l + 10 = -5*l. Let c = l - -4. Let z(j) = j**c + 0*j**2 + 5 - j - 2*j - 4*j. What is z(4)?
-7
Let i(n) be the first derivative of -n**4/4 - n**3 - n**2 + 4*n + 16. Determine i(-3).
10
Suppose 0 = n + 2 - 7. Suppose 4*w = w + 15. Suppose 10*i = n*i - 4*t + w, -i - 2*t - 5 = 0. Let u(h) = -h + 1. Calculate u(i).
-4
Let d(h) = -h**2 + 8*h - 3. Let b(r) = r**2 + 7*r - 5. Let l be b(-10). Suppose 0 = 5*w - 0 - l. Give d(w).
12
Let f(q) = 7*q**2 - 23*q - 16. Let n(i) = -3*i**2 + 11*i + 8. Let d(h) = -2*f(h) - 5*n(h). Calculate d(6).
-26
Let o(r) = 4*r + 4. Let x(z) = 5*z + 5. Let a(w) = 4*o(w) - 3*x(w). Let p be ((-6)/(-4))/(3/10). Give a(p).
6
Let x(a) = 8 + 2*a**3 - 7*a - a**3 - 5*a**2 + 0*a**3 + 0*a**3. Let c be x(6). Let z(h) = -h**3 + h**2 - h. What is z(c)?
-6
Let u(a) = 2*a - 1. Let m(c) = 6 + 5*c + 3*c**2 - 4*c**2 + 3*c. Let k(s) = -s**3 - 6*s**2 + 6*s + 2. Let x be k(-7). Let z be m(x). What is u(z)?
-7
Let u(i) = -i**2 + 5*i + 3. Let b(o) = 2*o**2 - 10*o - 7. Let p(j) = -4*b(j) - 7*u(j). Determine p(5).
7
Let d be (0/2)/(-1 + -1). Let h(k) = 2*k**2 - 2*k + 3. Let p(s) = s**2 - s + 1. Let n(f) = -2*h(f) + 5*p(f). Determine n(d).
-1
Suppose 3*i - 7 = 5*x, -16 + 6 = 5*x. Let g = i - 6. Let o(m) = -m**2 - 7*m + 3. Determine o(g).
3
Let c(t) = 6*t**2 + t - 1. Suppose 0 - 10 = l. Let q = l + 11. Determine c(q).
6
Let b(p) = p**2 + p + 3. Let d be b(0). Let z(w) = -6*w**3 + d*w**3 - 2 - w + 4*w**3 - 4*w**2 + 6. Determine z(4).
0
Let c be ((-9)/6)/(3/(-4)). Let t = 2 - c. Let l(n) = 3 - 2*n**2 - 1 + t. Give l(2).
-6
Let j(k) be the second derivative of k**8/6720 - k**7/840 - k**6/360 - k**5/30 + k**4/6 + 3*k. Let r(f) be the third derivative of j(f). What is r(4)?
4
Let d = 0 + -1. Let w(o) be the second derivative of o**5/60 - o**4/24 + o**3/3 + o. Let a(g) be the second derivative of w(g). What is a(d)?
-3
Let i(t) = -t**2 - 2*t + 7 + 0*t**2 - t + t. Give i(-5).
-8
Let p(t) = t**2 - 8*t + 4. Let l = 62 - 56. Determine p(l).
-8
Let b(c) = 2*c - 2. Suppose -3*s = -s + 8. Let d be (-6)/s*8/(-6). Give b(d).
-6
Let m(a) be the second derivative of a**4/6 + 7*a**3/6 + 5*a**2/2 - 3*a - 6. Give m(-4).
9
Let u = 545 + -545. Let j(v) = -4*v**2 + 3*v + 6. Let l(d) = 5*d**2 - 4*d - 7. Let w(b) = -4*j(b) - 3*l(b). Determine w(u).
-3
Let w(n) = -n. Let m be ((-3)/(-1 - 0))/((-3)/(-2)). Suppose 9 = -2*a - 3*r - 12, -3*r = -5*a. Let p be m + a/(-3) - 9. Calculate w(p).
6
Let a = 80 + -81. Let s(l) = -5*l**2 - l - 1. Determine s(a).
-5
Let s(y) be the third derivative of 0*y + 0 + 0*y**4 - y**2 - 1/60*y**5 - 1/3*y**3. Let c = 303 + -305. Calculate s(c).
-6
Let d(a) = a**3 + 2*a**2 + a + 1. Let r(b) = b**2 + 5 + b - 5 - 1. Let f(m) = -d(m) + r(m). Determine f(0).
-2
Let j = -42 - -47. Let z(v) = -v**2 + 3*v + 6. Give z(j).
-4
Let l be (-11 - -1)*(-2)/4. Let k = 11 - l. Let u(w) = -3*w**2 + 7*w + 6. Let j(r) = 10*r**2 - 22*r - 18. Let g(c) = -2*j(c) - 7*u(c). Give g(k).
0
Let k(j) = -j**2 + 6*j - 6. Let s be k(4). Let i(h) = -3*h + s*h + 0 + 4. Suppose 2*l = -0*l - 8. Calculate i(l).
8
Let q(a) = 0*a + 4 + 4*a + 3*a - 6*a. Suppose -8 = 2*x, -4*x + 0*x = 5*y + 31. Calculate q(y).
1
Let p(j) be the third derivative of -j**6/120 - j**5/10 - j**4/4 - j**3/3 + 8*j**2. Determine p(-5).
3
Let n(c) = c**2 + 10*c - 4. Suppose v = 2 - 7. Determi